 prime factors of t?
3, 5
Suppose 145 = 5*f + 5*k, 0*f + 5*k + 93 = 2*f. What are the prime factors of f?
2, 17
Let h(s) = s**3 - 7*s**2 + 8*s - 1. Let m = 13 - 7. What are the prime factors of h(m)?
11
Suppose -3*a - 86 = -y, 2*y = -2*y + 20. Let n = a + 52. List the prime factors of n.
5
Let q(l) = -l**3 - 3*l**2 + 12*l - 16. List the prime factors of q(-6).
2, 5
Let l be (-4)/6 - (-22)/6. Suppose 26 = l*o - 5*o. List the prime factors of (3*-1)/3 - o.
2, 3
Suppose -20 = 4*n, -5*z + 2*n = 12 - 32. Suppose 28 + 10 = z*j. List the prime factors of j.
19
Suppose 5*t = -5, h + 2*h + 2*t = 13. Let l = 7 + h. List the prime factors of (l + (-2 - -1))*1.
11
Suppose 2*l + 63 = 7. Suppose -10*z - 40 = -6*z. Let t = z - l. List the prime factors of t.
2, 3
Suppose -143 - 272 = -5*k. List the prime factors of k.
83
Suppose -2*x - 3*v + 12 = -0*v, 0 = -3*x - 2*v + 13. Suppose -t + x*t + 44 = 0. Let p = -13 - t. List the prime factors of p.
3
Suppose -126*i + 144 = -123*i. What are the prime factors of i?
2, 3
Let r(f) = -25*f + 13. What are the prime factors of r(-7)?
2, 47
Let j = -2 + 4. Let v be 3/(-3)*1 - j. List the prime factors of -3 + (-3)/v - -12.
2, 5
Suppose 0 = -3*z - 5*d + 38, -7*d + 3*d = -16. Let w(r) = -r**3 - r + 3. Let g be w(0). Suppose z = -0*o + g*o. List the prime factors of o.
2
Suppose 13 + 15 = 4*c. List the prime factors of c.
7
Let y(k) = -k**2 - 5*k - 4. Let p be y(-4). Suppose 2*f - 7*f + 10 = 0. Suppose p*c - f*c = -6. What are the prime factors of c?
3
Let h = -26 - -2. Suppose -4*w - 88 = 4*y, 5*y = -3*w - 2 - 74. Let u = w - h. List the prime factors of u.
7
Let m(x) = 3*x + 2. Let u(y) = -4*y - 1. Let d(z) = -2*m(z) - 3*u(z). Let s be d(3). Let a = s + -10. What are the prime factors of a?
7
Let i = 3 - 3. Suppose r + i - 7 = 0. What are the prime factors of r?
7
Let i be (12/(-9))/((-6)/9). Suppose -5 = i*m - 11. What are the prime factors of m?
3
Let k be (2/3)/((-9)/135). Let t(h) = -4*h - 23. List the prime factors of t(k).
17
Suppose -2*t + 160 = -84. List the prime factors of t.
2, 61
Suppose 2*s + 191 = -5*i, 4*i - 4*s + 164 = -0*i. List the prime factors of 1/(i/(-36) + -1).
2, 3
Suppose 3*q - 77 = 115. What are the prime factors of q?
2
Suppose 10 = 2*o - w + 1, -3*w - 17 = -4*o. Let a = o + 0. Suppose a*y - 31 + 6 = 0. What are the prime factors of y?
5
Suppose 4*k = x + 753, 364 = 2*k + 5*x - 3*x. List the prime factors of k.
11, 17
Let d(x) = x**3 + 7*x**2 - 8*x + 3. Let p be d(-8). Suppose 70 = 2*r - 4*t + 28, -r - p*t = -1. What are the prime factors of r?
13
List the prime factors of 4/(-30) - (-2886)/45.
2
Let u = 6 + -2. Suppose 2*j - 59 = -4*y + 65, -5*j - 31 = -y. Suppose -4*t + y = i, -t - u*i + 3 = i. What are the prime factors of t?
2
Suppose -a + 3*a - 90 = 4*n, -4*a = -2*n - 174. What are the prime factors of a?
43
Let u be ((-1)/(-2))/(4/40). Let k be (-9)/u*(-50)/15. Suppose -2*i = -k - 6. What are the prime factors of i?
2, 3
Let o(r) = 4*r**3 - 8*r**2 + 5*r - 3. Let j(s) = 7*s**3 - 15*s**2 + 9*s - 5. Let i(f) = -3*j(f) + 5*o(f). What are the prime factors of i(4)?
2
Suppose -o = -3 - 2. Suppose u + 2*v = 14, 2*u = o*u - 4*v - 72. What are the prime factors of u?
2, 5
Let c(q) = -q**3 - 2*q**2 + 2*q + 3. Let w be c(-3). Let k be 4 + -4*3/w. Suppose -3*x = -12, -o + k = -0*x - x. What are the prime factors of o?
2, 3
Let t(m) = m + 4. Let o be t(-3). Let p(j) = -j**2 + 7 - 2 + o. What are the prime factors of p(0)?
2, 3
Let u(g) be the first derivative of -g**3/3 + 4*g**2 - 2*g + 2. Let n be u(7). Suppose -m = 2*j, -4*m + 0*m = -n*j - 39. What are the prime factors of m?
2, 3
Suppose 4*q = -0*q + 96. Let o = q - 8. What are the prime factors of o?
2
Let t(r) = -r**3 + 5*r**2 - r + 5. Let x be t(5). Suppose 3*a - 16 = -2*w, 3*a + 4*w + x*w - 26 = 0. Let y = a + 0. List the prime factors of y.
2
Let c(n) = n**3 + 6*n**2 + 4*n - 2. Let a be c(-5). Suppose -6*l = -a*l - 39. List the prime factors of l.
13
Suppose 804 = -2*v + 6*v. Suppose 5*a = -54 - v. List the prime factors of 12/(-42) + a/(-7).
7
Let o(r) = 209*r**3 - 2*r + 1. Let u be o(1). Suppose 13 + 31 = x - p, p = 5*x - u. List the prime factors of x.
41
Suppose -5*u + 4*k = -100, u + 2*u + 2*k - 38 = 0. Let i = u - -9. What are the prime factors of i?
5
Suppose -t = -5*f + 3, 0*f - 3*f - 3*t + 9 = 0. Let y = 0 + f. Suppose -y - 10 = -k. What are the prime factors of k?
11
Suppose -5*m + 3*i + 2*i + 35 = 0, -3*m - 5*i = -61. What are the prime factors of m?
2, 3
Let b(l) = l**3 - 2*l**2 + 2. Let y(d) = -d**3 + 5*d**2 - 5*d + 6. Let i be y(4). Let f be b(i). Suppose -8 - 8 = -f*u. List the prime factors of u.
2
Let q = 93 + -26. What are the prime factors of q?
67
Let w be 63/12 + 3/(-12). Suppose -4*a = 3*x - 72, 2*a - w*a - 3*x = -54. Suppose 3*r + n - 11 - 6 = 0, a = 2*r + 4*n. What are the prime factors of r?
5
Suppose -37 = 9*j - 433. What are the prime factors of j?
2, 11
Let g = 18 - -44. List the prime factors of g.
2, 31
Suppose -5*l + 106 = -f - 248, -3*l = -3*f - 210. What are the prime factors of l?
71
Suppose 0*f - 316 = -4*f - 4*n, -271 = -4*f + 5*n. List the prime factors of f.
2, 37
Let s(z) = -9 - z**3 - 5*z - 9*z**2 - 4 + 2*z**3. What are the prime factors of s(10)?
37
Let r(i) = -37*i - 6. Let u(l) = 19*l + 3. Let d(f) = 3*r(f) + 5*u(f). What are the prime factors of d(-2)?
29
Suppose 5*s - 3*f - 101 = 0, 4*s - 86 = f + 4*f. Let j = -2 + s. List the prime factors of j.
17
Let o = 515 + -229. List the prime factors of o.
2, 11, 13
Suppose -5*x + 0*v - 2*v + 207 = 0, -3*x + 113 = 4*v. What are the prime factors of x?
43
Let b = 763 + -428. What are the prime factors of b?
5, 67
Suppose 3*b = 8*b - 2*w - 3, 2*b + 4*w = 6. List the prime factors of (b*-17)/((-1)/1).
17
Suppose 3*z - 2*z + y - 25 = 0, 0 = 5*z - 3*y - 93. Suppose -4*b = 117 - z. What are the prime factors of 5*(b/(-15) + 0)?
2
Suppose -20*w + 26*w = 354. What are the prime factors of w?
59
Let k = 0 - 6. Let n = k - -18. List the prime factors of n.
2, 3
Let l(o) = 22*o - 2. What are the prime factors of l(3)?
2
Let g(n) = -n**2 - 6*n + 1. Let d be g(-7). What are the prime factors of 226/7 + d/21?
2
Suppose -2*p = -6*p + 312. List the prime factors of p.
2, 3, 13
Let o(d) = 3*d**2 + 4*d + 3. Let h be o(-4). List the prime factors of h/(-6)*-3*2.
5, 7
Suppose -3*x - 4 = -25. Let z = 18 - x. Suppose 3*g - 4*g = -z. What are the prime factors of g?
11
Suppose -5*z + 96 = -54. List the prime factors of 645/z*1*2.
43
Suppose f - 10 = 3*d, -2*f - 1 - 1 = 5*d. Let i be 0/(2 + d + -3). Suppose i = -3*c + 2*n + 13, -c - 2*n = 4*c - 11. List the prime factors of c.
3
Let f = -47 + 26. Let v be (-8)/(-6)*f/(-2). Suppose v = 2*u - 0*u. List the prime factors of u.
7
Suppose -2*n - 4*i - 1 = -9, 3*n = -2*i + 20. What are the prime factors of n?
2
Suppose -27 = 18*d - 21*d. What are the prime factors of d?
3
Let m be 106/22 + (-4)/(-22). Suppose 0 = g - o - 4*o - 44, -g = m*o + 6. List the prime factors of g.
19
Let y = 182 - 59. List the prime factors of y.
3, 41
Suppose 3*l + 0*l - 57 = 0. List the prime factors of l.
19
What are the prime factors of 4/((-16)/(-900)) - -2?
227
Let h = 159 - -17. List the prime factors of h.
2, 11
Suppose 10*o - 5*o = 135. What are the prime factors of o?
3
Suppose -2*s = -5*q + 113 + 33, -3*q = 4*s - 98. List the prime factors of q.
2, 3, 5
Let z be 2 - (4 + 0 + -3). Let t be 0/2 - (-2)/z. Suppose -p = -t*p + 13. What are the prime factors of p?
13
Let p be 46/10 + 16/40. Suppose -3*s - 18 = -3*u + s, 5*s + 35 = p*u. List the prime factors of u.
2, 5
Let f(s) = -s**3 + 3*s**2 + 2*s + 4. Let m be f(3). Let x be (-3)/(3/5) - 1. Let t = m + x. What are the prime factors of t?
2
Suppose 68 = r - 0*r. List the prime factors of r.
2, 17
What are the prime factors of ((-126)/15)/((-3)/20)?
2, 7
Let y be 17/4 + (-1)/4. Suppose 0*j - 132 = -y*j. List the prime factors of (0 + j/3)*1.
11
Suppose -11*u + 5*u = -756. What are the prime factors of u?
2, 3, 7
Let a(b) be the second derivative of b**3/3 + b**2/2 + 2*b. List the prime factors of a(5).
11
What are the prime factors of (122/8)/(4 - (-94)/(-24))?
3, 61
Let v(q) = -q**3 + 8*q**2 + 2. Let c be v(8). Suppose c*j - 11 = 3*x + 34, 4*j - 66 = -2*x. What are the prime factors of j?
2, 3
Suppo